x and 45?
5
Let x(i) = -i**2 + 13*i - 10. Let c be x(12). Let g be -3 - c*(-5 + -1). What is the greatest common divisor of g and 27?
9
Suppose 0 = -3*j + 15 + 63. Let t = j + 37. What is the highest common divisor of 9 and t?
9
Let u = 8 - 2. Suppose 6*x = 3*x + u. Let l be (0 + -55)*x/(-2). Calculate the highest common divisor of l and 11.
11
Suppose -6*s + 2*s = -3*y - 17, 3*s = -3*y + 18. Let w be -6 - -4 - -10*1. Calculate the highest common divisor of w and y.
1
Let x(r) = r**2 - 3*r - 2. Let i be x(4). Let z = i + -1. Suppose -3*t - 5*f = -23, t + 5*f - 23 + 2 = 0. Calculate the highest common divisor of t and z.
1
Let j(u) = u**2 + 8*u. Let c be j(-9). Let k be (-23)/3 - 3/c. Let i = 8 - k. What is the greatest common divisor of i and 24?
8
Suppose p + 4 - 9 = 0, 4*p - 53 = 3*b. Let m = b - -14. Suppose 4*y = 2*y + 12. Calculate the greatest common factor of m and y.
3
Let h be 1*(-3)/(-6)*(29 + 1). Calculate the greatest common divisor of h and 60.
15
Let k be ((-54)/5)/(5/(-25)). Suppose 2*h = 8*h - k. Calculate the highest common divisor of h and 27.
9
Let w(u) = u + 2. Let b be w(14). What is the greatest common divisor of b and 24?
8
Let z = 38 - 15. Calculate the highest common divisor of z and 46.
23
Let r be (-1 + 13/3)*3. Suppose 4*h - 5*l = 165, 2*h + 0*h + 4*l = 76. Calculate the highest common divisor of h and r.
10
Let d be 6 + 3*(0 - 1). Suppose -d*f + 52 = f. Let k(z) = z**3 - 2*z**2 + 4*z - 4. Let n be k(5). What is the greatest common factor of f and n?
13
Let h = 11 + -5. What is the greatest common divisor of 24 and h?
6
Let v(j) = 10*j + 27. Let b be v(5). Calculate the highest common divisor of 7 and b.
7
Suppose -5*c = -8*c + 54. What is the greatest common factor of c and 162?
18
Let l(m) = m**2 + 5*m - 4. Let i be l(-6). Suppose -q - 4*q + 35 = 0. Suppose 0 = 4*c + q - 23. What is the highest common factor of i and c?
2
Let o(k) = k**2 - 3*k + 2. Suppose y + 3 = 2*f, f - 4*f + 2 = -2*y. Suppose 2*i - i = f. Let b be o(i). Calculate the greatest common divisor of b and 3.
3
Let m be 76/13 + 6/39. Suppose m*p - p = 375. Calculate the greatest common factor of 30 and p.
15
Let h(m) = -1 - 8 + 2 + m. Let z be h(12). Suppose 3*k = 16 + 149. What is the highest common factor of z and k?
5
Let h be (-2 + 8 + 0)/(-11 + 13). Calculate the greatest common factor of 27 and h.
3
Let o(q) = 5*q**2 + 11*q - 12. Let v be o(5). What is the greatest common factor of v and 24?
24
Let p be 5/2*2*2. Suppose -280 = -4*y - y. Let g = y + -36. Calculate the greatest common factor of g and p.
10
Let p(z) = z**2 + 6*z + 4. Let j be p(-6). Let l be 2*3/(-6) + -1. Let t = l - -4. What is the greatest common divisor of j and t?
2
Let q(c) = -c**2 - 5. Let g be q(5). Let s = g + 58. Calculate the greatest common divisor of s and 4.
4
Suppose 0 = -3*u - 9 - 6, -4*h + u = -277. Calculate the greatest common factor of 17 and h.
17
Suppose 3*z - 8 - 46 = 0. What is the highest common divisor of 6 and z?
6
Let k(y) = 3*y**3 + 4*y**2 - y - 2. Let r be k(1). Let p = 12 + 8. Calculate the highest common factor of p and r.
4
Let j be (-1)/(-2) + 118/(-4). Let s = j + 41. What is the highest common factor of 30 and s?
6
Let b(h) = 3*h + 4. Let l be b(3). What is the greatest common divisor of 26 and l?
13
Suppose -3*w = 24 - 66. Let l(n) = 3*n**2 - 10*n + 8. Let x be l(6). Calculate the greatest common factor of w and x.
14
Let v(j) = 8*j**2 - j + 8. Let g be v(-4). Calculate the highest common divisor of 28 and g.
28
Let q = 72 + -40. Let m(y) = -y**2 - 4*y + 7. Let c be m(-5). Suppose -c*z = z - 144. What is the highest common factor of z and q?
16
Suppose 0*c = -c + 58. Calculate the highest common divisor of c and 29.
29
Let h = 46 - 28. Suppose -5*f + 16 = -29. Calculate the highest common divisor of f and h.
9
Suppose k - 27 = 2*a, 4*k + a - 112 = 5*a. Suppose -k + 239 = 3*d. What is the greatest common divisor of 10 and d?
10
Let f = 22 - -33. Calculate the highest common divisor of f and 22.
11
Suppose 0 = -5*x + 3*x + 12. Let l(k) = 0*k**2 + k**2 + 2 - x. Let b be l(4). Calculate the highest common factor of 132 and b.
12
Let m be 3/15 - 88/(-10). Suppose -790 = 5*a + 470. Let n = -180 - a. Calculate the greatest common factor of n and m.
9
Let g be (-6)/(-12)*14/3*3. What is the highest common divisor of g and 1?
1
Let a(r) = 7*r**3 + 2*r + 3. Let k = 8 + -5. Let y be a(k). Suppose 0 = -6*t + 3*t + 54. Calculate the greatest common factor of y and t.
18
Let i(d) = -d - 4. Let q(g) = -g. Let r(k) = i(k) + 2*q(k). Let u be r(-3). Suppose 0*j = j - 35. Calculate the greatest common factor of u and j.
5
Let l(h) = -5*h - 3. Let i = 2 - 0. Suppose 2*u = -i - 2. Let t be l(u). Calculate the highest common factor of t and 63.
7
Suppose 3 = 5*r - 2*t - 0*t, 5*t + 20 = 0. Let q = r - -37. Calculate the greatest common factor of q and 24.
12
Suppose 0 = 2*t - 4*t + 20. Suppose 41 + 72 = f. Let q = f + -23. Calculate the highest common divisor of t and q.
10
Let a(z) = 3*z**3 + z**2 - 2*z. Let n be a(2). Suppose -5*d + n = -d. What is the greatest common divisor of 42 and d?
6
Suppose -5*d = -14 - 41. Calculate the highest common divisor of 88 and d.
11
Let s(d) = -d + 24. Let k be s(12). Calculate the greatest common divisor of k and 18.
6
Let q be 188 + 2/(0 + -2). Suppose -5*x + 3*h = 19, 3*x - 5*h + 3 = -6*h. Let a be (-3 - -20)*(-2)/x. What is the highest common divisor of q and a?
17
Let a(u) = u**3 + 10*u**2 + 7. Let h be a(-10). Suppose -82 + 12 = -5*i. Calculate the greatest common divisor of h and i.
7
Let f = 1 + 1. Let r = f + -14. Let v be 46/r*4*-12. Calculate the highest common factor of 23 and v.
23
Suppose 5 = -2*n - 3. Let q = -2 - n. What is the highest common factor of 10 and q?
2
Let q be -1*1 - (-15 + -1). Let j(w) = 0*w**2 + 3 + 0*w**2 + 3 - w**2 + 6*w. Let a be j(6). What is the greatest common factor of a and q?
3
Suppose 3 = 3*m - 9. Suppose -2*z = -m*h + 12, 4*h - 2 = -z + 4. Suppose -2*s + 64 = h*s. What is the greatest common divisor of 24 and s?
8
Suppose -99 + 764 = 5*v. What is the highest common divisor of 19 and v?
19
Suppose -p - 5*c = -2, 6*p + 4*c - 10 = p. Suppose -2*b - 4 = -5*x - 57, 4*b + p*x = 46. What is the greatest common divisor of 35 and b?
7
Let j(c) = c**3 - 4*c**2 + 5*c + 2. Let q be j(3). Calculate the greatest common factor of 72 and q.
8
Let y(m) = m**2 + 5*m + 2. Let v be y(-4). Let p be 2 - (5 + -3) - v. What is the highest common divisor of p and 22?
2
Let x be 3 - (0/1 + 0). Let s = -1 + 4. Suppose -s*p + 36 = -x. Calculate the greatest common divisor of 52 and p.
13
Let r be (-16)/56 + (-186)/(-14). Calculate the highest common divisor of 143 and r.
13
Let w be (18/5)/((-4)/(-10)). Suppose -2*s + w = s. Suppose -56 = -4*c + s*t, -2*t = -2*c - 0 + 26. What is the highest common divisor of c and 17?
17
Let s = 39 - 32. Calculate the highest common factor of s and 28.
7
Let y(c) = c**2 - 8*c - 9. Let d be y(9). Let s(f) = f**3 + f**2 + 225. Let m be s(d). Calculate the highest common factor of m and 25.
25
Let v be 2/(-8) - 196/(-16). Suppose -199 = -2*w - 31. Calculate the greatest common factor of v and w.
12
Let x be (-1105)/1 - (-6)/2. Suppose -4*o + 8 = -4*m, 6*m + 4*o = m - 19. Let f be x/(-10) + m/15. Calculate the greatest common factor of 10 and f.
10
Let u(j) = 44*j**2 + 1. Let f be u(-1). Let t(y) = -y + 4*y + 6*y. Let b be t(2). What is the highest common factor of b and f?
9
Let c(k) = -k**2 + k + 10. Let f(w) = w + 4. Let t be f(-4). Let o be c(t). Calculate the greatest common factor of o and 50.
10
Suppose 4*t + 38 = 3*n, -2*n - 5*t - 11 + 44 = 0. Calculate the highest common divisor of n and 28.
14
Suppose 0 = m - 1 + 6, -v - 4*m = -30. What is the highest common divisor of v and 10?
10
Let x(m) = -1 + 7*m**2 + 8*m**2 - 8*m**2. Let h be x(-1). Suppose -11 = -2*y + 19. What is the greatest common factor of h and y?
3
Let w = -3 + 2. Let p be (w/2)/((-5)/1260). Calculate the greatest common factor of p and 14.
14
Suppose -10 = x - 3*r, -4*x - 3*r - 2*r = 57. Let j = x - -28. Calculate the greatest common factor of j and 105.
15
Let p(z) = -z**2 + 17*z + 24. Let q be p(17). What is the greatest common factor of q and 264?
24
Suppose 2*b + 0*l - 13 = 3*l, 5*l + 23 = 4*b. Suppose 